t q(b) = -3*b - 1. What is q(-6)?
17
Let r(c) = -c**2 - 4*c - 1. Calculate r(-4).
-1
Let a(n) = -n**3 - 8*n**2 + 11*n + 12. Give a(-9).
-6
Let y(g) = 6*g. Calculate y(1).
6
Let a(i) = i**3 - 9*i**2 + 13*i + 7. Determine a(7).
0
Let v(r) = -3*r - 2. Give v(-2).
4
Let x(o) = -2*o**2 - 23*o - 27. Give x(-10).
3
Let k(u) = u**3 - 4*u**2 - 6. What is k(5)?
19
Let z(a) = a**2 + 2*a - 9. Calculate z(-7).
26
Let j(d) = 2*d - 51. Determine j(25).
-1
Let z(n) = 52*n**3 + 3*n - 2. What is z(1)?
53
Let n(d) = d**2 + d - 35. Give n(-6).
-5
Let u(c) = 5*c**2 + 44*c + 20. Give u(-8).
-12
Let r(g) = g**3 + 8*g**2 + 12*g + 7. Determine r(-3).
16
Let j(l) = -11*l - 105. Calculate j(-9).
-6
Let j(y) = 4*y - 1. Determine j(-4).
-17
Let w(q) = q**2 + q - 22. What is w(-6)?
8
Let k(u) = u**2 - 3. Calculate k(2).
1
Let r(p) = -18*p - 219. Give r(-12).
-3
Let t(v) = v**2 + v + 2. What is t(-3)?
8
Let j(i) = -41*i**3 + i**2 - i - 2. Determine j(-1).
41
Let f(t) = 2*t - 16. Determine f(19).
22
Let y(u) = -u**2 - 17*u + 27. What is y(-16)?
43
Let a(d) = d**2 + 35*d - 112. Give a(3).
2
Let x(l) = l**2 + 12*l + 34. Determine x(-6).
-2
Let f(g) = 4*g - 6. Give f(7).
22
Let w(u) = u**2 + 12*u - 16. What is w(-12)?
-16
Let t(g) = -g**2 + g + 332. Calculate t(-18).
-10
Let f(x) = 3*x**2 - x + 1. Determine f(2).
11
Let n(s) = 2*s - 119. What is n(32)?
-55
Let n(d) = -d + 22. Calculate n(7).
15
Let h(f) = -f**2 - 22*f - 92. What is h(-12)?
28
Let r(l) = l**2 + 8*l + 25. Calculate r(-11).
58
Let d(v) = 3*v - 2. Calculate d(5).
13
Let d(y) = -y**3 + 2*y**2 + 3*y - 12. Calculate d(4).
-32
Let i(k) = -3*k - 70. Calculate i(-22).
-4
Let l(k) = k**2 + 18*k + 40. Calculate l(-16).
8
Let f(o) = o**2 - 9*o - 13. What is f(9)?
-13
Let j(i) = -i**2 + 15*i + 40. Determine j(18).
-14
Let s(o) = 5*o - 21. What is s(4)?
-1
Let t(j) = -j**3 - 71*j**2 - 66*j + 285. Determine t(-70).
5
Let h(a) = -a**3 + a**2 + a + 2. Calculate h(0).
2
Let i(g) = -2*g - 8. What is i(-4)?
0
Let a(d) = -d**3 + 21*d**2 + 24*d - 37. Calculate a(22).
7
Let j(v) = 5*v**2 + 30*v. Determine j(-6).
0
Let l(d) = d - 35. Determine l(0).
-35
Let y(d) = -16*d**2 + 17*d. Calculate y(3).
-93
Let y(x) = x + 4. Calculate y(10).
14
Let n(b) = -b**3 + 11*b**2 - 9*b + 1. Give n(10).
11
Let x(f) = -3*f + 21. Give x(11).
-12
Let y(v) = -v + 19. Calculate y(8).
11
Let u(s) = s**2 - 19*s + 2. What is u(19)?
2
Let x(p) = 8*p + 4. Give x(-4).
-28
Let u(b) = -3*b + 6. Calculate u(11).
-27
Let m(s) = s**3 + 8*s**2 - 15*s + 24. What is m(-10)?
-26
Let r(p) = p**3 + 14*p**2 + 2*p + 31. Determine r(-14).
3
Let w(a) = -19*a - 8. What is w(-2)?
30
Let o(p) = -39*p - 1. Give o(-1).
38
Let m(k) = -k**2 + k + 33. Determine m(5).
13
Let o(z) = -z**2 - 19*z - 45. Determine o(-12).
39
Let g(s) = -3*s - 33. Give g(-14).
9
Let l(b) = -b**2 + 4*b - 3. Determine l(5).
-8
Let h(u) = -u**3 - 13*u**2 - 2*u - 5. Give h(-13).
21
Let c(j) = j**3 + 17*j**2 - 21*j - 24. Determine c(-18).
30
Let u(r) = 43*r - 162. What is u(3)?
-33
Let w(l) = 22*l + 141. Give w(-7).
-13
Let j(q) = -q**2 - 8*q - 2. Give j(-10).
-22
Let m(y) = 5*y**3 - y**2 + 4*y + 6. Determine m(-1).
-4
Let u(z) = 6*z + 54. Determine u(-9).
0
Let t(z) = 2*z**3 - 5*z**2 - z - 8. Calculate t(4).
36
Let y(l) = -2*l**2 + 33*l + 7. Determine y(16).
23
Let u(f) = -8*f + 147. Determine u(16).
19
Let a(c) = 4*c - 3. Give a(-3).
-15
Let k(r) = -164*r**2 - 7*r + 4. Determine k(1).
-167
Let w(c) = -77*c**3 + 2*c**2 - 1. Calculate w(-1).
78
Let n(q) = -q**2 + 9*q + 76. What is n(-5)?
6
Let s(k) = k**2 - 6*k + 22. Calculate s(9).
49
Let q(h) = 12*h + 10. Calculate q(0).
10
Let v(b) = b**3 + 2*b**2 - 12*b - 12. Calculate v(-5).
-27
Let v(g) = 64*g + 1. Determine v(-1).
-63
Let l(w) = 25*w**3 - 5*w**2 + 1. What is l(1)?
21
Let a(g) = -14*g**3 - g**2 + 3*g + 3. Calculate a(-2).
105
Let b(g) = 9*g + 202. Determine b(-22).
4
Let b(d) = -d**2 - 12*d + 85. What is b(5)?
0
Let o(r) = -2*r**3 - 11*r**2 - 3*r + 11. What is o(-5)?
1
Let h(c) = 2*c - 10. Determine h(-11).
-32
Let x(g) = -3*g**3 + 3*g**2 - g + 1. Calculate x(2).
-13
Let h(a) = a**3 + a**2 - 2*a + 6. Give h(-3).
-6
Let k(v) = -v**3 - v**2 + v + 4. Give k(-3).
19
Let q(x) = -25*x + 2. What is q(2)?
-48
Let v(s) = -s**3 - s**2 + 41. Calculate v(0).
41
Let t(o) = -o**2 - 5*o + 4. Determine t(1).
-2
Let k(d) = -d**2 - 5*d - 6. Calculate k(-4).
-2
Let l(m) = -m**2 + 10*m - 37. Determine l(6).
-13
Let w(z) = -z**3 - z**2 + 4*z - 3. Give w(3).
-27
Let t(k) = k**2 + 11*k. What is t(-12)?
12
Let b(z) = 78*z**2 - 2*z + 1. Calculate b(1).
77
Let n(w) = 9*w + 21. Determine n(-3).
-6
Let d(p) = -6*p + 6. Give d(-1).
12
Let h(j) = -2*j**2 - 11*j + 6. Give h(-5).
11
Let s(f) = 2*f**2 - 106*f + 196. Calculate s(51).
-8
Let c(u) = -2*u + 35. What is c(8)?
19
Let w(s) = -s**2 - 25*s + 136. What is w(5)?
-14
Let z(n) = -19*n + 401. Give z(21).
2
Let z(m) = 5*m**3 + 3*m. What is z(-2)?
-46
Let z(b) = -b**3 - 27*b**2 - 51*b - 47. Give z(-25).
-22
Let p(t) = 6*t + 5. Give p(-2).
-7
Let g(j) = 7*j**2 + 76*j - 19. Determine g(-11).
-8
Let v(g) = -g**3 - 12*g**2 + 16. Give v(-12).
16
Let d(w) = -w**3 - 13*w**2 - 11*w - 1. What is d(-12)?
-13
Let x(d) = -15*d**3 + d - 1. What is x(1)?
-15
Let w(z) = z**3 - 2*z**2 + 2*z - 1. Calculate w(2).
3
Let j(r) = -r**2 - 25*r - 115. What is j(-6)?
-1
Let n(c) = 4*c**2 + 51*c - 23. What is n(-13)?
-10
Let u(x) = -x**3 + 31*x**2 + 141*x - 1. Determine u(-4).
-5
Let n(s) = -s**3 + 7*s**2 + 2*s + 14. Calculate n(8).
-34
Let r(c) = -c**2 + 26*c + 17. Calculate r(27).
-10
Let o(t) = t**3 - 5*t**2 + 6*t + 1. What is o(2)?
1
Let o(z) = 86*z + 15. Calculate o(0).
15
Let i(r) = 2*r**2 - 6*r + 4. Give i(4).
12
Let z(d) = -44*d**2 + 264*d + 4. What is z(6)?
4
Let b(o) = -o**2 - 3*o + 7. What is b(-4)?
3
Let g(u) = 4*u + 41. Determine g(7).
69
Let c(k) = -k**3 + 3*k**2 - 4*k + 28. Give c(4).
-4
Let g(r) = -r + 29. Give g(0).
29
Let b(k) = -k - 9. Give b(13).
-22
Let p(t) = t**2 + 27*t - 37. What is p(-28)?
-9
Let f(x) = -x**3 - 5*x**2 - x + 1. What is f(-5)?
6
Let h(d) = 3*d**3 - 3*d**2 + d + 4. Give h(2).
18
Let l(f) = f**2 + 3*f - 23. Calculate l(-7).
5
Let t(k) = -k**3 + 2*k**2 + k - 5. Determine t(3).
-11
Let w(x) = x**3 + 3*x**2 - 6*x - 7. Determine w(-3).
11
Let j(s) = s**2 - 22*s + 80. Give j(19).
23
Let t(n) = 3*n - 37. What is t(13)?
2
Let o(n) = -9*n**2 + 207*n + 2. Determine o(23).
2
Let a(t) = t**3 + 10*t**2 + 17*t + 6. What is a(-8)?
-2
Let v(x) = x**3 - 18*x**2 + 7*x - 13. Give v(18).
113
Let x(i) = i**2 + 12*i + 7. What is x(-11)?
-4
Let y(f) = -22*f + 18. Give y(2).
-26
Let w(x) = 78*x**3 + 2*x**2 + 2*x - 3. Give w(1).
79
Let x(w) = -w**3 - 6*w**2 - 25*w - 101. Calculate x(-5).
-1
Let i(o) = o**3 - 15*o**2 + 50*o - 746. Determine i(15).
4
Let h(l) = 5*l - 17. Determine h(-10).
-67
Let k(m) = -2*m**3 + 4*m**2 + 2*m - 1. What is k(2)?
3
Let x(s) = 2*s**2 + 7*s - 12. What is x(-5)?
3
Let a(l) = -l**3 + 4*l**2 - 4*l - 1. What is a(3)?
-4
Let b(l) = -9*l - 98. What is b(-10)?
-8
Let q(j) = -21*j - 6. Give q(0).
-6
Let l(p) = -2*p**2 + 10*p - 6. What is l(6)?
-18
Let n(s) = s**3 - 39*s**2 + 109*s - 29. What is n(36)?
7
Let j(g) = -2*g + 17. What is j(7)?
3
Let l(u) = -12*u + 236. Determine l(20).
-4
Let a(f) = -f**2 + 8*f + 8. What is a(8)?
8
Let o(u) = -9*u + 7. Give o(2).
-11
Let w(n) = 2*n**3 - 13*n**2 - 3*n - 9. What is w(7)?
19
Let w(v) = -2*v - 13. Give w(-8).
3
Let q(d) = -d**3 + 7*d**2 + 7*d + 4. What is q(8)?
-4
Let b(q) = -q**3 - 7*q**2 + 8*q + 8. Give b(-7).
-48
Let y(v) = 3*v + 2. Calculate y(-4).
-10
Let k(z) = z**3 - 6*z**2 - 7*z - 4. Give k(7).
-4
Let x(p) = -5*p - 4. What is x(4)?
-24
Let i(u) = -u**3 + 4*u**2 + 3*u - 4. Determine i(4).
8
Let h(u) = u**3 + 7*u**2 - 4*u - 13. Determine h(-7).
15
Let i(d) = 3*d**2 + 19*d - 13. Give i(-7).
1
Let l(w) = 2*w**2 - 14*w - 1. Calculate l(7).
-1
Let o(j) = -j**3 - 10*j**2 - 17*j - 3. Determine o(-8).
5
Let o(f) = 8*f + 75. Determine o(-19).
-77
Let f(p) = 4*p**2 - 7*p + 9. What is f(4)?
45
Let i(y) = -10*y + 3. Calculate i(1).
-7
Let l(y) = y**3 + 4*y**2 + 11*y + 4. What is l(-3)?
-20
Let g(v) = 9*v**2 - 164*v + 35. Calculate g(18).
-1
Let c(l) = 8*l + 155. Determine c(-22).
-21
Let t(j) = 6*j - 32. What is t(5)?
-2
Let j(d) = -d + 13. What is j(6)?
7
Let x(j) = -3*j - 32. What is x(-